{"id":109,"date":"2020-05-12T09:38:00","date_gmt":"2020-05-12T07:38:00","guid":{"rendered":"http:\/\/galerieambach-neustadt.de\/?page_id=109"},"modified":"2020-05-12T09:36:47","modified_gmt":"2020-05-12T07:36:47","slug":"datenschutz","status":"publish","type":"page","link":"https:\/\/galerieambach-neustadt.de\/?page_id=109","title":{"rendered":"Datenschutz"},"content":{"rendered":"\n<h4 class=\"wp-block-heading\"><strong>Grundlegendes<\/strong><\/h4>\n\n\n\n<p>Diese Datenschutzerkl\u00e4rung soll die \nNutzer dieser Website \u00fcber die Art, den Umfang und den Zweck der \nErhebung und Verwendung personenbezogener Daten durch den \nWebsitebetreiber informieren.-<\/p>\n\n\n\n<p>Der Websitebetreiber nimmt Ihren \nDatenschutz sehr ernst und behandelt Ihre personenbezogenen Daten \nvertraulich und entsprechend der gesetzlichen Vorschriften. Da durch \nneue Technologien und die st\u00e4ndige Weiterentwicklung dieser Webseite \n\u00c4nderungen an dieser Datenschutzerkl\u00e4rung vorgenommen werden k\u00f6nnen, \nempfehlen wir Ihnen sich die Datenschutzerkl\u00e4rung in regelm\u00e4\u00dfigen \nAbst\u00e4nden wieder durchzulesen.<\/p>\n\n\n\n<p>Definitionen der verwendeten Begriffe (z.B. \u201cpersonenbezogene Daten\u201d oder \u201cVerarbeitung\u201d) finden Sie in Art. 4 DSGVO.<\/p>\n\n\n\n<h4 class=\"wp-block-heading\"><strong>Zugriffsdaten<\/strong><\/h4>\n\n\n\n<p>Wir, der Websitebetreiber bzw. \nSeitenprovider, erheben aufgrund unseres berechtigten Interesses (s. \nArt. 6 Abs. 1 lit. f. DSGVO) Daten \u00fcber Zugriffe auf die Website und \nspeichern diese als \u201eServer-Logfiles\u201c auf dem Server der Website ab. \nFolgende Daten werden so protokolliert:<\/p>\n\n\n\n<ul class=\"wp-block-list\"><li>Besuchte Website<\/li><li>Uhrzeit zum Zeitpunkt des Zugriffes<\/li><li>Menge der gesendeten Daten in Byte<\/li><li>Quelle\/Verweis, von welchem Sie auf die Seite gelangten<\/li><li>Verwendeter Browser<\/li><li>Verwendetes Betriebssystem<\/li><li>Verwendete IP-Adresse<\/li><\/ul>\n\n\n\n<p>Die Server-Logfiles werden f\u00fcr maximal 7\n Tage gespeichert und anschlie\u00dfend gel\u00f6scht. Die Speicherung der Daten \nerfolgt aus Sicherheitsgr\u00fcnden, um z. B. Missbrauchsf\u00e4lle aufkl\u00e4ren zu \nk\u00f6nnen. M\u00fcssen Daten aus Beweisgr\u00fcnden aufgehoben werden, sind sie \nsolange von der L\u00f6schung ausgenommen bis der Vorfall endg\u00fcltig gekl\u00e4rt \nist.<\/p>\n\n\n\n<h4 class=\"wp-block-heading\"><strong>Reichweitenmessung &amp; Cookies<\/strong><\/h4>\n\n\n\n<p>Diese Website verwendet Cookies zur \npseudonymisierten Reichweitenmessung, die entweder von unserem Server \noder dem Server Dritter an den Browser des Nutzers \u00fcbertragen werden. \nBei Cookies handelt es sich um kleine Dateien, welche auf Ihrem Endger\u00e4t\n gespeichert werden. Ihr Browser greift auf diese Dateien zu. Durch den \nEinsatz von Cookies erh\u00f6ht sich die Benutzerfreundlichkeit und \nSicherheit dieser Website.<\/p>\n\n\n\n<p>G\u00e4ngige Browser bieten die \nEinstellungsoption, Cookies nicht zuzulassen. Hinweis: Es ist nicht \ngew\u00e4hrleistet, dass Sie auf alle Funktionen dieser Website ohne \nEinschr\u00e4nkungen zugreifen k\u00f6nnen, wenn Sie entsprechende Einstellungen \nvornehmen.<\/p>\n\n\n\n<h4 class=\"wp-block-heading\"><strong>Erfassung und Verarbeitung personenbezogener Daten<\/strong><\/h4>\n\n\n\n<p>Der Websitebetreiber erhebt, nutzt und \ngibt Ihre personenbezogenen Daten nur dann weiter, wenn dies im \ngesetzlichen Rahmen erlaubt ist oder Sie in die Datenerhebung \neinwilligen.<\/p>\n\n\n\n<p>Als personenbezogene Daten gelten \ns\u00e4mtliche Informationen, welche dazu dienen, Ihre Person zu bestimmen \nund welche zu Ihnen zur\u00fcckverfolgt werden k\u00f6nnen \u2013 also beispielsweise \nIhr Name, Ihre E-Mail-Adresse und Telefonnummer. Wir nutzen diese Daten,\n um Sie f\u00fcr unsere Veranstaltung zu registrieren und zu kontaktieren, \ndamit wir Ihnen Informationen zu unserer Veranstaltung zuleiten k\u00f6nnen.<\/p>\n\n\n\n<p><em>Beispiele:<\/em><\/p>\n\n\n\n<p>Welche? \u2013 Wir verarbeiten \npersonenbezogene Daten wie Vorname, Nachname, IP-Adresse, \nE-Mail-Adresse, Wohnort, Postleitzahl und Inhaltsangaben aus dem \nKontaktformular.<\/p>\n\n\n\n<p>Wie? \u2013 Wir verarbeiten personenbezogene\n Daten nur nach ausdr\u00fccklicher Erlaubnis der betreffenden Nutzer und \nunter Einhaltung der geltenden Datenschutzbestimmungen.<\/p>\n\n\n\n<p>Warum? \u2013 Die Verarbeitung der \npersonenbezogenen Daten erfolgt aufgrund unseres berechtigten Interesses\n zur Erf\u00fcllung unserer vertraglich vereinbarten Leistungen und zur \nOptimierung unseres Online-Angebotes.<\/p>\n\n\n\n<p>Diese Website k\u00f6nnen Sie auch besuchen,\n ohne Angaben zu Ihrer Person zu machen. Zur Verbesserung unseres \nOnline-Angebotes speichern wir jedoch (ohne Personenbezug) Ihre \nZugriffsdaten auf diese Website. Zu diesen Zugriffsdaten geh\u00f6ren z. B. \ndie von Ihnen angeforderte Datei oder der Name Ihres Internet-Providers.\n Durch die Anonymisierung der Daten sind R\u00fcckschl\u00fcsse auf Ihre Person \nnicht m\u00f6glich.<\/p>\n\n\n\n<h4 class=\"wp-block-heading\"><strong>Umgang mit Kontaktdaten<\/strong><\/h4>\n\n\n\n<p>Nehmen Sie mit uns als Websitebetreiber\n durch die angebotenen Kontaktm\u00f6glichkeiten Verbindung auf, werden Ihre \nAngaben gespeichert, damit auf diese zur Bearbeitung und Beantwortung \nIhrer Anfrage zur\u00fcckgegriffen werden kann. Ohne Ihre Einwilligung werden\n diese Daten nicht an Dritte weitergegeben.<\/p>\n\n\n\n<p>Sie haben die M\u00f6glichkeit, die \nSpeicherung der Cookies auf Ihrem Ger\u00e4t zu verhindern, indem Sie in \nIhrem Browser entsprechende Einstellungen vornehmen. Es ist nicht \ngew\u00e4hrleistet, dass Sie auf alle Funktionen dieser Website ohne \nEinschr\u00e4nkungen zugreifen k\u00f6nnen, wenn Ihr Browser keine Cookies \nzul\u00e4sst.<\/p>\n\n\n\n<h4 class=\"wp-block-heading\"><strong>Rechte des Nutzers<\/strong><\/h4>\n\n\n\n<p>Sie haben als Nutzer das Recht, auf \nAntrag eine kostenlose Auskunft dar\u00fcber zu erhalten, welche \npersonenbezogenen Daten \u00fcber Sie gespeichert wurden. Sie haben au\u00dferdem \ndas Recht auf Berichtigung falscher Daten und auf die \nVerarbeitungseinschr\u00e4nkung oder L\u00f6schung Ihrer personenbezogenen Daten. \nFalls zutreffend, k\u00f6nnen Sie auch Ihr Recht auf Datenportabilit\u00e4t \ngeltend machen. Sollten Sie annehmen, dass Ihre Daten unrechtm\u00e4\u00dfig \nverarbeitet wurden, k\u00f6nnen Sie eine Beschwerde bei der zust\u00e4ndigen \nAufsichtsbeh\u00f6rde einreichen.<\/p>\n\n\n\n<h4 class=\"wp-block-heading\"><strong>L\u00f6schung von Daten<\/strong><\/h4>\n\n\n\n<p>Sofern Ihr Wunsch nicht mit einer \ngesetzlichen Pflicht zur Aufbewahrung von Daten (z. B. \nVorratsdatenspeicherung) kollidiert, haben Sie ein Anrecht auf L\u00f6schung \nIhrer Daten. Von uns gespeicherte Daten werden, sollten sie f\u00fcr ihre \nZweckbestimmung nicht mehr vonn\u00f6ten sein und es keine gesetzlichen \nAufbewahrungsfristen geben, gel\u00f6scht. Falls eine L\u00f6schung nicht \ndurchgef\u00fchrt werden kann, da die Daten f\u00fcr zul\u00e4ssige gesetzliche Zwecke \nerforderlich sind, erfolgt eine Einschr\u00e4nkung der Datenverarbeitung. In \ndiesem Fall werden die Daten gesperrt und nicht f\u00fcr andere Zwecke \nverarbeitet.<\/p>\n\n\n\n<h4 class=\"wp-block-heading\"><strong>Widerspruchsrecht<\/strong><\/h4>\n\n\n\n<p>Nutzer dieser Website k\u00f6nnen von ihrem  Widerspruchsrecht Gebrauch machen und der Verarbeitung ihrer  personenbezogenen Daten zu jeder Zeit widersprechen. Wenn Sie eine  Berichtigung, Sperrung, L\u00f6schung oder Auskunft \u00fcber die zu Ihrer Person  gespeicherten personenbezogenen Daten w\u00fcnschen oder Fragen bzgl. der  Erhebung, Verarbeitung oder Verwendung Ihrer personenbezogenen Daten  haben oder erteilte Einwilligungen widerrufen m\u00f6chten, wenden Sie sich  bitte an folgende E-Mail-Adresse: yvonneglaser@galerieambach-neustadt.de<\/p>\n","protected":false},"excerpt":{"rendered":"<p>Grundlegendes Diese Datenschutzerkl\u00e4rung soll die Nutzer dieser Website \u00fcber die Art, den Umfang und den Zweck der Erhebung und Verwendung personenbezogener Daten durch den Websitebetreiber informieren.- Der Websitebetreiber nimmt Ihren Datenschutz sehr ernst und behandelt Ihre personenbezogenen Daten vertraulich und entsprechend der gesetzlichen Vorschriften. Da durch neue Technologien und die st\u00e4ndige Weiterentwicklung dieser Webseite \u00c4nderungen &hellip; <\/p>\n<p class=\"link-more\"><a href=\"https:\/\/galerieambach-neustadt.de\/?page_id=109\" class=\"more-link\"><span class=\"screen-reader-text\">\u201eDatenschutz\u201c <\/span>weiterlesen<\/a><\/p>\n","protected":false},"author":1,"featured_media":0,"parent":0,"menu_order":0,"comment_status":"closed","ping_status":"closed","template":"","meta":{"footnotes":""},"class_list":["post-109","page","type-page","status-publish","hentry"],"_links":{"self":[{"href":"https:\/\/galerieambach-neustadt.de\/index.php?rest_route=\/wp\/v2\/pages\/109","targetHints":{"allow":["GET"]}}],"collection":[{"href":"https:\/\/galerieambach-neustadt.de\/index.php?rest_route=\/wp\/v2\/pages"}],"about":[{"href":"https:\/\/galerieambach-neustadt.de\/index.php?rest_route=\/wp\/v2\/types\/page"}],"author":[{"embeddable":true,"href":"https:\/\/galerieambach-neustadt.de\/index.php?rest_route=\/wp\/v2\/users\/1"}],"replies":[{"embeddable":true,"href":"https:\/\/galerieambach-neustadt.de\/index.php?rest_route=%2Fwp%2Fv2%2Fcomments&post=109"}],"version-history":[{"count":2,"href":"https:\/\/galerieambach-neustadt.de\/index.php?rest_route=\/wp\/v2\/pages\/109\/revisions"}],"predecessor-version":[{"id":112,"href":"https:\/\/galerieambach-neustadt.de\/index.php?rest_route=\/wp\/v2\/pages\/109\/revisions\/112"}],"wp:attachment":[{"href":"https:\/\/galerieambach-neustadt.de\/index.php?rest_route=%2Fwp%2Fv2%2Fmedia&parent=109"}],"curies":[{"name":"wp","href":"https:\/\/api.w.org\/{rel}","templated":true}]}}

<h4 class="wp-block-heading"><strong>Grundlegendes</strong></h4>



<p>Diese Datenschutzerklärung soll die 
Nutzer dieser Website über die Art, den Umfang und den Zweck der 
Erhebung und Verwendung personenbezogener Daten durch den 
Websitebetreiber informieren.-</p>



<p>Der Websitebetreiber nimmt Ihren 
Datenschutz sehr ernst und behandelt Ihre personenbezogenen Daten 
vertraulich und entsprechend der gesetzlichen Vorschriften. Da durch 
neue Technologien und die ständige Weiterentwicklung dieser Webseite 
Änderungen an dieser Datenschutzerklärung vorgenommen werden können, 
empfehlen wir Ihnen sich die Datenschutzerklärung in regelmäßigen 
Abständen wieder durchzulesen.</p>



<p>Definitionen der verwendeten Begriffe (z.B. “personenbezogene Daten” oder “Verarbeitung”) finden Sie in Art. 4 DSGVO.</p>



<h4 class="wp-block-heading"><strong>Zugriffsdaten</strong></h4>



<p>Wir, der Websitebetreiber bzw. 
Seitenprovider, erheben aufgrund unseres berechtigten Interesses (s. 
Art. 6 Abs. 1 lit. f. DSGVO) Daten über Zugriffe auf die Website und 
speichern diese als „Server-Logfiles“ auf dem Server der Website ab. 
Folgende Daten werden so protokolliert:</p>



<ul class="wp-block-list"><li>Besuchte Website</li><li>Uhrzeit zum Zeitpunkt des Zugriffes</li><li>Menge der gesendeten Daten in Byte</li><li>Quelle/Verweis, von welchem Sie auf die Seite gelangten</li><li>Verwendeter Browser</li><li>Verwendetes Betriebssystem</li><li>Verwendete IP-Adresse</li></ul>



<p>Die Server-Logfiles werden für maximal 7
 Tage gespeichert und anschließend gelöscht. Die Speicherung der Daten 
erfolgt aus Sicherheitsgründen, um z. B. Missbrauchsfälle aufklären zu 
können. Müssen Daten aus Beweisgründen aufgehoben werden, sind sie 
solange von der Löschung ausgenommen bis der Vorfall endgültig geklärt 
ist.</p>



<h4 class="wp-block-heading"><strong>Reichweitenmessung &amp; Cookies</strong></h4>



<p>Diese Website verwendet Cookies zur 
pseudonymisierten Reichweitenmessung, die entweder von unserem Server 
oder dem Server Dritter an den Browser des Nutzers übertragen werden. 
Bei Cookies handelt es sich um kleine Dateien, welche auf Ihrem Endgerät
 gespeichert werden. Ihr Browser greift auf diese Dateien zu. Durch den 
Einsatz von Cookies erhöht sich die Benutzerfreundlichkeit und 
Sicherheit dieser Website.</p>



<p>Gängige Browser bieten die 
Einstellungsoption, Cookies nicht zuzulassen. Hinweis: Es ist nicht 
gewährleistet, dass Sie auf alle Funktionen dieser Website ohne 
Einschränkungen zugreifen können, wenn Sie entsprechende Einstellungen 
vornehmen.</p>



<h4 class="wp-block-heading"><strong>Erfassung und Verarbeitung personenbezogener Daten</strong></h4>



<p>Der Websitebetreiber erhebt, nutzt und 
gibt Ihre personenbezogenen Daten nur dann weiter, wenn dies im 
gesetzlichen Rahmen erlaubt ist oder Sie in die Datenerhebung 
einwilligen.</p>



<p>Als personenbezogene Daten gelten 
sämtliche Informationen, welche dazu dienen, Ihre Person zu bestimmen 
und welche zu Ihnen zurückverfolgt werden können – also beispielsweise 
Ihr Name, Ihre E-Mail-Adresse und Telefonnummer. Wir nutzen diese Daten,
 um Sie für unsere Veranstaltung zu registrieren und zu kontaktieren, 
damit wir Ihnen Informationen zu unserer Veranstaltung zuleiten können.</p>



<p><em>Beispiele:</em></p>



<p>Welche? – Wir verarbeiten 
personenbezogene Daten wie Vorname, Nachname, IP-Adresse, 
E-Mail-Adresse, Wohnort, Postleitzahl und Inhaltsangaben aus dem 
Kontaktformular.</p>



<p>Wie? – Wir verarbeiten personenbezogene
 Daten nur nach ausdrücklicher Erlaubnis der betreffenden Nutzer und 
unter Einhaltung der geltenden Datenschutzbestimmungen.</p>



<p>Warum? – Die Verarbeitung der 
personenbezogenen Daten erfolgt aufgrund unseres berechtigten Interesses
 zur Erfüllung unserer vertraglich vereinbarten Leistungen und zur 
Optimierung unseres Online-Angebotes.</p>



<p>Diese Website können Sie auch besuchen,
 ohne Angaben zu Ihrer Person zu machen. Zur Verbesserung unseres 
Online-Angebotes speichern wir jedoch (ohne Personenbezug) Ihre 
Zugriffsdaten auf diese Website. Zu diesen Zugriffsdaten gehören z. B. 
die von Ihnen angeforderte Datei oder der Name Ihres Internet-Providers.
 Durch die Anonymisierung der Daten sind Rückschlüsse auf Ihre Person 
nicht möglich.</p>



<h4 class="wp-block-heading"><strong>Umgang mit Kontaktdaten</strong></h4>



<p>Nehmen Sie mit uns als Websitebetreiber
 durch die angebotenen Kontaktmöglichkeiten Verbindung auf, werden Ihre 
Angaben gespeichert, damit auf diese zur Bearbeitung und Beantwortung 
Ihrer Anfrage zurückgegriffen werden kann. Ohne Ihre Einwilligung werden
 diese Daten nicht an Dritte weitergegeben.</p>



<p>Sie haben die Möglichkeit, die 
Speicherung der Cookies auf Ihrem Gerät zu verhindern, indem Sie in 
Ihrem Browser entsprechende Einstellungen vornehmen. Es ist nicht 
gewährleistet, dass Sie auf alle Funktionen dieser Website ohne 
Einschränkungen zugreifen können, wenn Ihr Browser keine Cookies 
zulässt.</p>



<h4 class="wp-block-heading"><strong>Rechte des Nutzers</strong></h4>



<p>Sie haben als Nutzer das Recht, auf 
Antrag eine kostenlose Auskunft darüber zu erhalten, welche 
personenbezogenen Daten über Sie gespeichert wurden. Sie haben außerdem 
das Recht auf Berichtigung falscher Daten und auf die 
Verarbeitungseinschränkung oder Löschung Ihrer personenbezogenen Daten. 
Falls zutreffend, können Sie auch Ihr Recht auf Datenportabilität 
geltend machen. Sollten Sie annehmen, dass Ihre Daten unrechtmäßig 
verarbeitet wurden, können Sie eine Beschwerde bei der zuständigen 
Aufsichtsbehörde einreichen.</p>



<h4 class="wp-block-heading"><strong>Löschung von Daten</strong></h4>



<p>Sofern Ihr Wunsch nicht mit einer 
gesetzlichen Pflicht zur Aufbewahrung von Daten (z. B. 
Vorratsdatenspeicherung) kollidiert, haben Sie ein Anrecht auf Löschung 
Ihrer Daten. Von uns gespeicherte Daten werden, sollten sie für ihre 
Zweckbestimmung nicht mehr vonnöten sein und es keine gesetzlichen 
Aufbewahrungsfristen geben, gelöscht. Falls eine Löschung nicht 
durchgeführt werden kann, da die Daten für zulässige gesetzliche Zwecke 
erforderlich sind, erfolgt eine Einschränkung der Datenverarbeitung. In 
diesem Fall werden die Daten gesperrt und nicht für andere Zwecke 
verarbeitet.</p>



<h4 class="wp-block-heading"><strong>Widerspruchsrecht</strong></h4>



<p>Nutzer dieser Website können von ihrem  Widerspruchsrecht Gebrauch machen und der Verarbeitung ihrer  personenbezogenen Daten zu jeder Zeit widersprechen. Wenn Sie eine  Berichtigung, Sperrung, Löschung oder Auskunft über die zu Ihrer Person  gespeicherten personenbezogenen Daten wünschen oder Fragen bzgl. der  Erhebung, Verarbeitung oder Verwendung Ihrer personenbezogenen Daten  haben oder erteilte Einwilligungen widerrufen möchten, wenden Sie sich  bitte an folgende E-Mail-Adresse: yvonneglaser@galerieambach-neustadt.de</p>

<p>Grundlegendes Diese Datenschutzerklärung soll die Nutzer dieser Website über die Art, den Umfang und den Zweck der Erhebung und Verwendung personenbezogener Daten durch den Websitebetreiber informieren.- Der Websitebetreiber nimmt Ihren Datenschutz sehr ernst und behandelt Ihre personenbezogenen Daten vertraulich und entsprechend der gesetzlichen Vorschriften. Da durch neue Technologien und die ständige Weiterentwicklung dieser Webseite Änderungen &hellip; </p>
<p class="link-more"><a href="https://galerieambach-neustadt.de/?page_id=109" class="more-link"><span class="screen-reader-text">„Datenschutz“ </span>weiterlesen</a></p>
