{"id":6,"date":"2020-05-12T09:39:00","date_gmt":"2020-05-12T07:39:00","guid":{"rendered":"http:\/\/galerieambach-neustadt.de\/?page_id=6"},"modified":"2020-05-12T09:37:21","modified_gmt":"2020-05-12T07:37:21","slug":"herzlich-willkommen","status":"publish","type":"page","link":"https:\/\/galerieambach-neustadt.de\/","title":{"rendered":"Herzlich willkommen!"},"content":{"rendered":"<p><img loading=\"lazy\" decoding=\"async\" class=\"alignnone size-medium wp-image-25\" src=\"http:\/\/galerieambach-neustadt.de\/wp-content\/uploads\/Logo-300x257.jpg\" alt=\"\" width=\"300\" height=\"257\" srcset=\"https:\/\/galerieambach-neustadt.de\/wp-content\/uploads\/Logo-300x257.jpg 300w, https:\/\/galerieambach-neustadt.de\/wp-content\/uploads\/Logo.jpg 509w\" sizes=\"auto, (max-width: 300px) 100vw, 300px\" \/><\/p>\n<p><span style=\"color: #000000;\">Lieber Besucher!&nbsp;<\/span><\/p>\n<p><span style=\"color: #000000;\"><em>Nach 35 Jahren in Neustadt war noch lange nicht Schluss: Zwar hat zieht sich das Betreiber-Ehepaar Emmerling in den Ruhestand zur\u00fcck gezogen, aber die kleine, feine Galerie in der Laustergasse wird von mir, Yvonne Glaser aus Hambach, aber im Sinne des Familienbetriebs weitergef\u00fchrt, wenn nicht wurde es sogar etwas mit frischem Schwung im Sortiment aufgepeppt.<br \/>\n<\/em><\/span><\/p>\n<p><span style=\"color: #000000;\">Ich war zehn Jahre lang Mitarbeiterin in dem Inhaber gef\u00fchrten Ladengesch\u00e4ft. Er\u00f6ffnung war im Jahre 1980 in der Klausengasse, es folgten der Umzug in den Klemmhof und schlie\u00dflich der Neubeginn in der Lustergasse im Jahre 2001.<\/span><\/p>\n<p><span style=\"color: #000000;\">&#8222;Mein Angebot richtet sich an den spielenden Menschen, ob gro\u00df oder klein&#8220;. Hochwertiges Spielzeug (aus Holz), Deko- und Geschenkartikel, ausgefallene Einkaufstaschen sowie allerlei Schnick-Schnack: Das ist das erlesene und oft etwas andere Sortiment, das die &#8222;Galerie am Bach&#8220; unter dem Ehepaar Emmerling lang Jahre ausgemacht hat.<\/span><\/p>\n<p><span style=\"color: #000000;\">Auch nach dem offizielen Gesch\u00e4ftsf\u00fchrer-Wechsel ging es genauso weiter, wenn auch mit einem gewissen &#8222;frischen Wind&#8220;. Die Idee meines langj\u00e4hrigen Chefs habe ich in jedem Fall fortgef\u00fchrt. Kleine Neuerungen gab es im Sortiment, etwa hinsichtlich Klein-M\u00f6beln. Deko-Artikeln und technischem Spielzeug. Hoch im Kurs steht derzeit zudem das nordische Design.<\/span><\/p>\n<p><span style=\"color: #000000;\">Cornelia und Rudolf Emmerling \u00fcbergaben ihre Gesch\u00e4fte zwar mit &#8222;ein bisschen Wehmut&#8220;, vor allem aber waren sie gl\u00fccklich , dass sie eine &#8222;so tolle Nachfolge gefunden hatten&#8220;. Die &#8222;Galerie am Bach&#8220; besch\u00e4ftigt zwei Aushilfen.<\/span><\/p>\n<p><span style=\"color: #000000;\">Es begr\u00fc\u00dft Sie herzlichst Ihre Yvonne Glaser<\/span><\/p>\n","protected":false},"excerpt":{"rendered":"<p>Lieber Besucher!&nbsp; Nach 35 Jahren in Neustadt war noch lange nicht Schluss: Zwar hat zieht sich das Betreiber-Ehepaar Emmerling in den Ruhestand zur\u00fcck gezogen, aber die kleine, feine Galerie in der Laustergasse wird von mir, Yvonne Glaser aus Hambach, aber im Sinne des Familienbetriebs weitergef\u00fchrt, wenn nicht wurde es sogar etwas mit frischem Schwung im &hellip; <\/p>\n<p class=\"link-more\"><a href=\"https:\/\/galerieambach-neustadt.de\/\" class=\"more-link\"><span class=\"screen-reader-text\">\u201eHerzlich willkommen!\u201c <\/span>weiterlesen<\/a><\/p>\n","protected":false},"author":1,"featured_media":0,"parent":0,"menu_order":0,"comment_status":"closed","ping_status":"closed","template":"","meta":{"footnotes":""},"class_list":["post-6","page","type-page","status-publish","hentry"],"_links":{"self":[{"href":"https:\/\/galerieambach-neustadt.de\/index.php?rest_route=\/wp\/v2\/pages\/6","targetHints":{"allow":["GET"]}}],"collection":[{"href":"https:\/\/galerieambach-neustadt.de\/index.php?rest_route=\/wp\/v2\/pages"}],"about":[{"href":"https:\/\/galerieambach-neustadt.de\/index.php?rest_route=\/wp\/v2\/types\/page"}],"author":[{"embeddable":true,"href":"https:\/\/galerieambach-neustadt.de\/index.php?rest_route=\/wp\/v2\/users\/1"}],"replies":[{"embeddable":true,"href":"https:\/\/galerieambach-neustadt.de\/index.php?rest_route=%2Fwp%2Fv2%2Fcomments&post=6"}],"version-history":[{"count":9,"href":"https:\/\/galerieambach-neustadt.de\/index.php?rest_route=\/wp\/v2\/pages\/6\/revisions"}],"predecessor-version":[{"id":280,"href":"https:\/\/galerieambach-neustadt.de\/index.php?rest_route=\/wp\/v2\/pages\/6\/revisions\/280"}],"wp:attachment":[{"href":"https:\/\/galerieambach-neustadt.de\/index.php?rest_route=%2Fwp%2Fv2%2Fmedia&parent=6"}],"curies":[{"name":"wp","href":"https:\/\/api.w.org\/{rel}","templated":true}]}}